{"id":14093,"date":"2014-03-26T14:44:33","date_gmt":"2014-03-26T14:44:33","guid":{"rendered":"http:\/\/demo.qodeinteractive.com\/bridge66\/?page_id=14093"},"modified":"2016-09-06T11:35:16","modified_gmt":"2016-09-06T11:35:16","slug":"o-q-oferecemos","status":"publish","type":"page","link":"http:\/\/www.colegiokant.com.br\/site\/index.php\/quem-somos\/o-q-oferecemos\/","title":{"rendered":"O que oferecemos"},"content":{"rendered":"<p>[vc_row row_type=&#8221;row&#8221; use_row_as_full_screen_section=&#8221;no&#8221; type=&#8221;grid&#8221; angled_section=&#8221;no&#8221; text_align=&#8221;left&#8221; background_image_as_pattern=&#8221;without_pattern&#8221; padding_top=&#8221;124&#8243; padding_bottom=&#8221;124&#8243; css_animation=&#8221;&#8221;][vc_column][qode_elements_holder number_of_columns=&#8221;two_columns&#8221;][qode_elements_holder_item item_padding=&#8221;30px 30px 30px 0px&#8221; advanced_animations=&#8221;no&#8221;][vc_column_text]<\/p>\n<h5>Educa\u00e7\u00e3o Infantil<\/h5>\n<p>[\/vc_column_text][vc_separator type=&#8221;small&#8221; position=&#8221;left&#8221; up=&#8221;5&#8243; down=&#8221;19&#8243;][vc_column_text]O Emmanuel Kant acredita que atrav\u00e9s de atividades l\u00fadicas e organizadas,\u00a0desde a inf\u00e2ncia,\u00a0\u00e9 poss\u00edvel formar cidad\u00e3os cr\u00edticos, reflexivos e sociais. Aqui a Crian\u00e7a \u00e9 respeitada enquanto sujeito que interage, constr\u00f3i sua identidade pessoal e coletiva, brinca, imagina e experimenta, tendo assim, uma aprendizagem significativa.[\/vc_column_text][vc_separator type=&#8221;transparent&#8221; up=&#8221;13&#8243; down=&#8221;0&#8243;][\/qode_elements_holder_item][qode_elements_holder_item advanced_animations=&#8221;no&#8221;][vc_single_image image=&#8221;15625&#8243; img_size=&#8221;full&#8221; qode_css_animation=&#8221;element_from_fade&#8221; transition_delay=&#8221;0.4&#8243;][\/qode_elements_holder_item][\/qode_elements_holder][vc_separator type=&#8221;transparent&#8221; up=&#8221;80&#8243; down=&#8221;0&#8243;][qode_elements_holder number_of_columns=&#8221;two_columns&#8221;][qode_elements_holder_item advanced_animations=&#8221;no&#8221;][vc_single_image image=&#8221;15609&#8243; img_size=&#8221;full&#8221; qode_css_animation=&#8221;element_from_fade&#8221; transition_delay=&#8221;0.2&#8243;][\/qode_elements_holder_item][qode_elements_holder_item item_padding=&#8221;30px 0px 30px 30px&#8221; advanced_animations=&#8221;no&#8221;][vc_column_text]<\/p>\n<h5>Ensino Fundamental 1<\/h5>\n<p>[\/vc_column_text][vc_separator type=&#8221;small&#8221; position=&#8221;left&#8221; up=&#8221;5&#8243; down=&#8221;19&#8243;][vc_column_text]Visando a forma\u00e7\u00e3o do Ser Integral a crian\u00e7a \u00e9 vista como um sujeito ativo, que pensa e interage com o meio e o conhecimento. Articula seus desejos, direitos e deveres, participando, assim, efetivamente, do seu processo de aprendizagem.<\/p>\n<p>Entendendo a crian\u00e7a como um ser hist\u00f3rico, criador de cultura, valorizamos sua bagagem de conhecimentos , fruto de suas viv\u00eancias e buscamos criar condi\u00e7\u00f5es para que ela amplie, adquira e construa novos conhecimentos.<\/p>\n<p>Estamos comprometidos com a forma\u00e7\u00e3o de cidad\u00e3os aut\u00f4nomos, cr\u00edticos, conscientes e cooperativos. Os valores \u00e9ticos de respeito \u00e0 dignidade humana, traduzidos em respeito m\u00fatuo, justi\u00e7a, di\u00e1logo e solidariedade est\u00e3o impl\u00edcitos e permeiam todo o processo educativo.[\/vc_column_text][vc_separator type=&#8221;transparent&#8221; up=&#8221;13&#8243; down=&#8221;0&#8243;][\/qode_elements_holder_item][\/qode_elements_holder][vc_separator type=&#8221;transparent&#8221; up=&#8221;80&#8243; down=&#8221;0&#8243;][qode_elements_holder number_of_columns=&#8221;two_columns&#8221;][qode_elements_holder_item item_padding=&#8221;30px 30px 30px 0px&#8221; advanced_animations=&#8221;no&#8221;][vc_column_text]<\/p>\n<h5>Ensino Fundamental 2<\/h5>\n<p>[\/vc_column_text][vc_separator type=&#8221;small&#8221; position=&#8221;left&#8221; up=&#8221;5&#8243; down=&#8221;19&#8243;][vc_column_text]A fim de promover a constru\u00e7\u00e3o significativa e reflexiva do conhecimento e a forma\u00e7\u00e3o de um ser integral, buscamos proporcionar aos nossos alunos instrumentos que ajudem no desenvolvimento da sua criatividade e criticidade.<\/p>\n<p>Desta forma, a nossa proposta pedag\u00f3gica, do 6\u00ba ao 9\u00ba ano visa estimular em nossos alunos algumas atitudes atrav\u00e9s de atividades, aulas e projetos dentro e fora da sala de aula que possibilitem o exerc\u00edcio dos valores humanos, o respeito , \u00e0 diversidade social e cultural, a responsabilidade com o meio ambiente e a intera\u00e7\u00e3o entre conhecimento adquirido e o conte\u00fado a ser adquirido.<\/p>\n<p>E, para que tudo isso seja poss\u00edvel, utilizamos estrat\u00e9gias pedag\u00f3gicas que permitem a constru\u00e7\u00e3o do conhecimento a partir da aproxima\u00e7\u00e3o entre a realidade do nosso aluno, as suas rela\u00e7\u00f5es com o meio e com suas necessidades de aprendizagem.[\/vc_column_text][vc_separator type=&#8221;transparent&#8221; up=&#8221;13&#8243; down=&#8221;0&#8243;][\/qode_elements_holder_item][qode_elements_holder_item advanced_animations=&#8221;no&#8221;][vc_single_image image=&#8221;15641&#8243; img_size=&#8221;full&#8221; qode_css_animation=&#8221;element_from_fade&#8221; transition_delay=&#8221;0.4&#8243;][\/qode_elements_holder_item][\/qode_elements_holder][vc_separator type=&#8221;transparent&#8221; up=&#8221;80&#8243; down=&#8221;0&#8243;][qode_elements_holder number_of_columns=&#8221;two_columns&#8221;][qode_elements_holder_item advanced_animations=&#8221;no&#8221;][vc_single_image image=&#8221;15626&#8243; img_size=&#8221;full&#8221; qode_css_animation=&#8221;element_from_fade&#8221; transition_delay=&#8221;0.2&#8243;][\/qode_elements_holder_item][qode_elements_holder_item item_padding=&#8221;30px 0px 30px 30px&#8221; advanced_animations=&#8221;no&#8221;][vc_column_text]<\/p>\n<h5>Ensino M\u00e9dio<\/h5>\n<p>[\/vc_column_text][vc_separator type=&#8221;small&#8221; position=&#8221;left&#8221; up=&#8221;5&#8243; down=&#8221;19&#8243;][vc_column_text]Visando a forma\u00e7\u00e3o do Ser Integral atrav\u00e9s de uma proposta pedag\u00f3gica capaz de incentivar a criatividade e criticidade em nossos alunos, desenvolvemos um trabalho de cunho s\u00f3cio-interacionista oferecendo atividades que estimulam o contato direto com a realidade pertecente a este ser hist\u00f3rico-social.<\/p>\n<p>Sob esta \u00f3tica, o Col\u00e9gio Emmanuel Kant atua, atrav\u00e9s de a\u00e7\u00f5es pedag\u00f3gicas, de forma a promover e favorecer a constru\u00e7\u00e3o deste ser cr\u00edtico, criativo e determinado, um ser completo. E , para que isso ocorra \u00e9 necess\u00e1rio partir de atividades que estimulem uma atua\u00e7\u00e3o respons\u00e1vel e participativa, bem como as suas rela\u00e7\u00f5es com o outro.[\/vc_column_text][vc_separator type=&#8221;transparent&#8221; up=&#8221;13&#8243; down=&#8221;0&#8243;][\/qode_elements_holder_item][\/qode_elements_holder][vc_separator type=&#8221;transparent&#8221; up=&#8221;80&#8243; down=&#8221;0&#8243;][qode_elements_holder number_of_columns=&#8221;two_columns&#8221;][qode_elements_holder_item item_padding=&#8221;30px 30px 30px 0px&#8221; advanced_animations=&#8221;no&#8221;][vc_column_text]<\/p>\n<h5>Turno Complementar<\/h5>\n<p>[\/vc_column_text][vc_separator type=&#8221;small&#8221; position=&#8221;left&#8221; up=&#8221;5&#8243; down=&#8221;19&#8243;][vc_column_text]Trabalhamos com a Educa\u00e7\u00e3o human\u00edstica, cr\u00edtica e anal\u00edtica, orientando para o per\u00edodo de maturidade que o capacite a se encontrar conscientemente com a realidade, para na mesma, atuar de maneira eficiente e respons\u00e1vel para a vida e para o mundo futuro.<\/p>\n<p>Recebem orienta\u00e7\u00e3o para as atividades escolares com profissional da \u00e1rea pedag\u00f3gica e de lazer: almo\u00e7o, jogos, brincadeiras, excurs\u00f5es culturais, aulas de m\u00fasica. Al\u00e9m de atividades esportivas como dan\u00e7a, futsal e Karat\u00ea.[\/vc_column_text][vc_separator type=&#8221;transparent&#8221; up=&#8221;13&#8243; down=&#8221;0&#8243;][\/qode_elements_holder_item][qode_elements_holder_item advanced_animations=&#8221;no&#8221;][vc_single_image image=&#8221;15624&#8243; img_size=&#8221;full&#8221; qode_css_animation=&#8221;element_from_fade&#8221; transition_delay=&#8221;0.4&#8243;][\/qode_elements_holder_item][\/qode_elements_holder][qode_elements_holder number_of_columns=&#8221;two_columns&#8221;][qode_elements_holder_item advanced_animations=&#8221;no&#8221;][vc_single_image image=&#8221;15894&#8243; img_size=&#8221;full&#8221; qode_css_animation=&#8221;element_from_fade&#8221; transition_delay=&#8221;0.2&#8243;][\/qode_elements_holder_item][qode_elements_holder_item item_padding=&#8221;30px 0px 30px 30px&#8221; advanced_animations=&#8221;no&#8221;][vc_column_text]<\/p>\n<h5>Nata\u00e7\u00e3o\/Hidrogin\u00e1stica<\/h5>\n<p>[\/vc_column_text][vc_separator type=&#8221;small&#8221; position=&#8221;left&#8221; up=&#8221;5&#8243; down=&#8221;19&#8243;][vc_column_text]O Emmanuel Kant acredita que a sa\u00fade deve estar sempre em primeiro lugar. Por isso, oferecemos na sede da Caixa D\u00b4\u00e1gua, aulas de nata\u00e7\u00e3o e hidrogin\u00e1stica com professor especializado\u00a0para a comunidade.<\/p>\n<p>Valores especiais para os alunos da casa.[\/vc_column_text][vc_separator type=&#8221;transparent&#8221; up=&#8221;13&#8243; down=&#8221;0&#8243;][\/qode_elements_holder_item][\/qode_elements_holder][\/vc_column][\/vc_row]<\/p>\n","protected":false},"excerpt":{"rendered":"<p>[vc_row row_type=&#8221;row&#8221; use_row_as_full_screen_section=&#8221;no&#8221; type=&#8221;grid&#8221; angled_section=&#8221;no&#8221; text_align=&#8221;left&#8221; background_image_as_pattern=&#8221;without_pattern&#8221; padding_top=&#8221;124&#8243; padding_bottom=&#8221;124&#8243; css_animation=&#8221;&#8221;][vc_column][qode_elements_holder number_of_columns=&#8221;two_columns&#8221;][qode_elements_holder_item item_padding=&#8221;30px 30px 30px 0px&#8221; advanced_animations=&#8221;no&#8221;][vc_column_text] Educa\u00e7\u00e3o Infantil [\/vc_column_text][vc_separator type=&#8221;small&#8221; position=&#8221;left&#8221; up=&#8221;5&#8243; down=&#8221;19&#8243;][vc_column_text]O Emmanuel Kant acredita que atrav\u00e9s de atividades l\u00fadicas e organizadas,\u00a0desde a inf\u00e2ncia,\u00a0\u00e9 poss\u00edvel formar cidad\u00e3os cr\u00edticos, reflexivos e sociais. Aqui a Crian\u00e7a&#8230;<\/p>\n","protected":false},"author":1,"featured_media":0,"parent":15535,"menu_order":0,"comment_status":"open","ping_status":"closed","template":"full_width.php","meta":[],"_links":{"self":[{"href":"http:\/\/www.colegiokant.com.br\/site\/index.php\/wp-json\/wp\/v2\/pages\/14093"}],"collection":[{"href":"http:\/\/www.colegiokant.com.br\/site\/index.php\/wp-json\/wp\/v2\/pages"}],"about":[{"href":"http:\/\/www.colegiokant.com.br\/site\/index.php\/wp-json\/wp\/v2\/types\/page"}],"author":[{"embeddable":true,"href":"http:\/\/www.colegiokant.com.br\/site\/index.php\/wp-json\/wp\/v2\/users\/1"}],"replies":[{"embeddable":true,"href":"http:\/\/www.colegiokant.com.br\/site\/index.php\/wp-json\/wp\/v2\/comments?post=14093"}],"version-history":[{"count":5,"href":"http:\/\/www.colegiokant.com.br\/site\/index.php\/wp-json\/wp\/v2\/pages\/14093\/revisions"}],"predecessor-version":[{"id":15897,"href":"http:\/\/www.colegiokant.com.br\/site\/index.php\/wp-json\/wp\/v2\/pages\/14093\/revisions\/15897"}],"up":[{"embeddable":true,"href":"http:\/\/www.colegiokant.com.br\/site\/index.php\/wp-json\/wp\/v2\/pages\/15535"}],"wp:attachment":[{"href":"http:\/\/www.colegiokant.com.br\/site\/index.php\/wp-json\/wp\/v2\/media?parent=14093"}],"curies":[{"name":"wp","href":"https:\/\/api.w.org\/{rel}","templated":true}]}}

<p>[vc_row row_type=&#8221;row&#8221; use_row_as_full_screen_section=&#8221;no&#8221; type=&#8221;grid&#8221; angled_section=&#8221;no&#8221; text_align=&#8221;left&#8221; background_image_as_pattern=&#8221;without_pattern&#8221; padding_top=&#8221;124&#8243; padding_bottom=&#8221;124&#8243; css_animation=&#8221;&#8221;][vc_column][qode_elements_holder number_of_columns=&#8221;two_columns&#8221;][qode_elements_holder_item item_padding=&#8221;30px 30px 30px 0px&#8221; advanced_animations=&#8221;no&#8221;][vc_column_text]</p>
<h5>Educação Infantil</h5>
<p>[/vc_column_text][vc_separator type=&#8221;small&#8221; position=&#8221;left&#8221; up=&#8221;5&#8243; down=&#8221;19&#8243;][vc_column_text]O Emmanuel Kant acredita que através de atividades lúdicas e organizadas, desde a infância, é possível formar cidadãos críticos, reflexivos e sociais. Aqui a Criança é respeitada enquanto sujeito que interage, constrói sua identidade pessoal e coletiva, brinca, imagina e experimenta, tendo assim, uma aprendizagem significativa.[/vc_column_text][vc_separator type=&#8221;transparent&#8221; up=&#8221;13&#8243; down=&#8221;0&#8243;][/qode_elements_holder_item][qode_elements_holder_item advanced_animations=&#8221;no&#8221;][vc_single_image image=&#8221;15625&#8243; img_size=&#8221;full&#8221; qode_css_animation=&#8221;element_from_fade&#8221; transition_delay=&#8221;0.4&#8243;][/qode_elements_holder_item][/qode_elements_holder][vc_separator type=&#8221;transparent&#8221; up=&#8221;80&#8243; down=&#8221;0&#8243;][qode_elements_holder number_of_columns=&#8221;two_columns&#8221;][qode_elements_holder_item advanced_animations=&#8221;no&#8221;][vc_single_image image=&#8221;15609&#8243; img_size=&#8221;full&#8221; qode_css_animation=&#8221;element_from_fade&#8221; transition_delay=&#8221;0.2&#8243;][/qode_elements_holder_item][qode_elements_holder_item item_padding=&#8221;30px 0px 30px 30px&#8221; advanced_animations=&#8221;no&#8221;][vc_column_text]</p>
<h5>Ensino Fundamental 1</h5>
<p>[/vc_column_text][vc_separator type=&#8221;small&#8221; position=&#8221;left&#8221; up=&#8221;5&#8243; down=&#8221;19&#8243;][vc_column_text]Visando a formação do Ser Integral a criança é vista como um sujeito ativo, que pensa e interage com o meio e o conhecimento. Articula seus desejos, direitos e deveres, participando, assim, efetivamente, do seu processo de aprendizagem.</p>
<p>Entendendo a criança como um ser histórico, criador de cultura, valorizamos sua bagagem de conhecimentos , fruto de suas vivências e buscamos criar condições para que ela amplie, adquira e construa novos conhecimentos.</p>
<p>Estamos comprometidos com a formação de cidadãos autônomos, críticos, conscientes e cooperativos. Os valores éticos de respeito à dignidade humana, traduzidos em respeito mútuo, justiça, diálogo e solidariedade estão implícitos e permeiam todo o processo educativo.[/vc_column_text][vc_separator type=&#8221;transparent&#8221; up=&#8221;13&#8243; down=&#8221;0&#8243;][/qode_elements_holder_item][/qode_elements_holder][vc_separator type=&#8221;transparent&#8221; up=&#8221;80&#8243; down=&#8221;0&#8243;][qode_elements_holder number_of_columns=&#8221;two_columns&#8221;][qode_elements_holder_item item_padding=&#8221;30px 30px 30px 0px&#8221; advanced_animations=&#8221;no&#8221;][vc_column_text]</p>
<h5>Ensino Fundamental 2</h5>
<p>[/vc_column_text][vc_separator type=&#8221;small&#8221; position=&#8221;left&#8221; up=&#8221;5&#8243; down=&#8221;19&#8243;][vc_column_text]A fim de promover a construção significativa e reflexiva do conhecimento e a formação de um ser integral, buscamos proporcionar aos nossos alunos instrumentos que ajudem no desenvolvimento da sua criatividade e criticidade.</p>
<p>Desta forma, a nossa proposta pedagógica, do 6º ao 9º ano visa estimular em nossos alunos algumas atitudes através de atividades, aulas e projetos dentro e fora da sala de aula que possibilitem o exercício dos valores humanos, o respeito , à diversidade social e cultural, a responsabilidade com o meio ambiente e a interação entre conhecimento adquirido e o conteúdo a ser adquirido.</p>
<p>E, para que tudo isso seja possível, utilizamos estratégias pedagógicas que permitem a construção do conhecimento a partir da aproximação entre a realidade do nosso aluno, as suas relações com o meio e com suas necessidades de aprendizagem.[/vc_column_text][vc_separator type=&#8221;transparent&#8221; up=&#8221;13&#8243; down=&#8221;0&#8243;][/qode_elements_holder_item][qode_elements_holder_item advanced_animations=&#8221;no&#8221;][vc_single_image image=&#8221;15641&#8243; img_size=&#8221;full&#8221; qode_css_animation=&#8221;element_from_fade&#8221; transition_delay=&#8221;0.4&#8243;][/qode_elements_holder_item][/qode_elements_holder][vc_separator type=&#8221;transparent&#8221; up=&#8221;80&#8243; down=&#8221;0&#8243;][qode_elements_holder number_of_columns=&#8221;two_columns&#8221;][qode_elements_holder_item advanced_animations=&#8221;no&#8221;][vc_single_image image=&#8221;15626&#8243; img_size=&#8221;full&#8221; qode_css_animation=&#8221;element_from_fade&#8221; transition_delay=&#8221;0.2&#8243;][/qode_elements_holder_item][qode_elements_holder_item item_padding=&#8221;30px 0px 30px 30px&#8221; advanced_animations=&#8221;no&#8221;][vc_column_text]</p>
<h5>Ensino Médio</h5>
<p>[/vc_column_text][vc_separator type=&#8221;small&#8221; position=&#8221;left&#8221; up=&#8221;5&#8243; down=&#8221;19&#8243;][vc_column_text]Visando a formação do Ser Integral através de uma proposta pedagógica capaz de incentivar a criatividade e criticidade em nossos alunos, desenvolvemos um trabalho de cunho sócio-interacionista oferecendo atividades que estimulam o contato direto com a realidade pertecente a este ser histórico-social.</p>
<p>Sob esta ótica, o Colégio Emmanuel Kant atua, através de ações pedagógicas, de forma a promover e favorecer a construção deste ser crítico, criativo e determinado, um ser completo. E , para que isso ocorra é necessário partir de atividades que estimulem uma atuação responsável e participativa, bem como as suas relações com o outro.[/vc_column_text][vc_separator type=&#8221;transparent&#8221; up=&#8221;13&#8243; down=&#8221;0&#8243;][/qode_elements_holder_item][/qode_elements_holder][vc_separator type=&#8221;transparent&#8221; up=&#8221;80&#8243; down=&#8221;0&#8243;][qode_elements_holder number_of_columns=&#8221;two_columns&#8221;][qode_elements_holder_item item_padding=&#8221;30px 30px 30px 0px&#8221; advanced_animations=&#8221;no&#8221;][vc_column_text]</p>
<h5>Turno Complementar</h5>
<p>[/vc_column_text][vc_separator type=&#8221;small&#8221; position=&#8221;left&#8221; up=&#8221;5&#8243; down=&#8221;19&#8243;][vc_column_text]Trabalhamos com a Educação humanística, crítica e analítica, orientando para o período de maturidade que o capacite a se encontrar conscientemente com a realidade, para na mesma, atuar de maneira eficiente e responsável para a vida e para o mundo futuro.</p>
<p>Recebem orientação para as atividades escolares com profissional da área pedagógica e de lazer: almoço, jogos, brincadeiras, excursões culturais, aulas de música. Além de atividades esportivas como dança, futsal e Karatê.[/vc_column_text][vc_separator type=&#8221;transparent&#8221; up=&#8221;13&#8243; down=&#8221;0&#8243;][/qode_elements_holder_item][qode_elements_holder_item advanced_animations=&#8221;no&#8221;][vc_single_image image=&#8221;15624&#8243; img_size=&#8221;full&#8221; qode_css_animation=&#8221;element_from_fade&#8221; transition_delay=&#8221;0.4&#8243;][/qode_elements_holder_item][/qode_elements_holder][qode_elements_holder number_of_columns=&#8221;two_columns&#8221;][qode_elements_holder_item advanced_animations=&#8221;no&#8221;][vc_single_image image=&#8221;15894&#8243; img_size=&#8221;full&#8221; qode_css_animation=&#8221;element_from_fade&#8221; transition_delay=&#8221;0.2&#8243;][/qode_elements_holder_item][qode_elements_holder_item item_padding=&#8221;30px 0px 30px 30px&#8221; advanced_animations=&#8221;no&#8221;][vc_column_text]</p>
<h5>Natação/Hidroginástica</h5>
<p>[/vc_column_text][vc_separator type=&#8221;small&#8221; position=&#8221;left&#8221; up=&#8221;5&#8243; down=&#8221;19&#8243;][vc_column_text]O Emmanuel Kant acredita que a saúde deve estar sempre em primeiro lugar. Por isso, oferecemos na sede da Caixa D´água, aulas de natação e hidroginástica com professor especializado para a comunidade.</p>
<p>Valores especiais para os alunos da casa.[/vc_column_text][vc_separator type=&#8221;transparent&#8221; up=&#8221;13&#8243; down=&#8221;0&#8243;][/qode_elements_holder_item][/qode_elements_holder][/vc_column][/vc_row]</p>

<p>[vc_row row_type=&#8221;row&#8221; use_row_as_full_screen_section=&#8221;no&#8221; type=&#8221;grid&#8221; angled_section=&#8221;no&#8221; text_align=&#8221;left&#8221; background_image_as_pattern=&#8221;without_pattern&#8221; padding_top=&#8221;124&#8243; padding_bottom=&#8221;124&#8243; css_animation=&#8221;&#8221;][vc_column][qode_elements_holder number_of_columns=&#8221;two_columns&#8221;][qode_elements_holder_item item_padding=&#8221;30px 30px 30px 0px&#8221; advanced_animations=&#8221;no&#8221;][vc_column_text] Educação Infantil [/vc_column_text][vc_separator type=&#8221;small&#8221; position=&#8221;left&#8221; up=&#8221;5&#8243; down=&#8221;19&#8243;][vc_column_text]O Emmanuel Kant acredita que através de atividades lúdicas e organizadas, desde a infância, é possível formar cidadãos críticos, reflexivos e sociais. Aqui a Criança&#8230;</p>
