{"id":14869,"date":"2014-05-20T07:51:11","date_gmt":"2014-05-20T07:51:11","guid":{"rendered":"http:\/\/demo.qodeinteractive.com\/bridge66\/?page_id=14869"},"modified":"2017-04-04T19:36:10","modified_gmt":"2017-04-04T19:36:10","slug":"home","status":"publish","type":"page","link":"http:\/\/www.colegiokant.com.br\/site\/","title":{"rendered":"Home"},"content":{"rendered":"<p>[vc_row row_type=&#8221;row&#8221; use_row_as_full_screen_section=&#8221;no&#8221; type=&#8221;grid&#8221; angled_section=&#8221;no&#8221; text_align=&#8221;left&#8221; background_image_as_pattern=&#8221;without_pattern&#8221; css_animation=&#8221;&#8221;][vc_column][vc_row_inner row_type=&#8221;row&#8221; type=&#8221;full_width&#8221; text_align=&#8221;left&#8221; css_animation=&#8221;&#8221;][vc_column_inner][vc_column_text css=&#8221;.vc_custom_1445616505882{padding-top: 25px !important;padding-bottom: 10px !important;}&#8221;]<\/p>\n<h3 style=\"text-align: center;\">\u00daltimas Not\u00edcias<\/h3>\n<p>[\/vc_column_text][\/vc_column_inner][\/vc_row_inner]<div class='q_masonry_blog'><article  class='post-16388 post type-post status-publish format-standard has-post-thumbnail hentry category-sem-categoria '><div class=\"q_masonry_blog_post_image\"><a href=\"http:\/\/www.colegiokant.com.br\/site\/index.php\/bolsa-da-prefeitura-municipal-salvador\/\" target=\"_self\"><img src=\"http:\/\/www.colegiokant.com.br\/site\/wp-content\/uploads\/2020\/01\/bca1b260-f409-4cad-b0dd-0f4ba3a1ac79.jpg\" \/><\/a><\/div><div class=\"q_masonry_blog_post_text\"><h5 class=\"q_masonry_blog_title \"><a href=\"http:\/\/www.colegiokant.com.br\/site\/index.php\/bolsa-da-prefeitura-municipal-salvador\/\">Bolsa da Prefeitura Municipal  Salvador<\/a><\/h5><p class=\"q_masonry_blog_excerpt\">Entre em contato com a escola &#8211; Tel.: 33884214...<\/p><div class=\"q_masonry_blog_post_info\"><span class=\"time\">14 janeiro, 2020<\/span> \/ <a class=\"post_comments\" href=\"http:\/\/www.colegiokant.com.br\/site\/index.php\/bolsa-da-prefeitura-municipal-salvador\/#respond\">Sem Coment\u00e1rios<\/a><\/div><\/div><\/article><article  class='post-16332 post type-post status-publish format-standard has-post-thumbnail hentry category-sem-categoria '><div class=\"q_masonry_blog_post_image\"><a href=\"http:\/\/www.colegiokant.com.br\/site\/index.php\/nota-top-desconto-top\/\" target=\"_self\"><img src=\"http:\/\/www.colegiokant.com.br\/site\/wp-content\/uploads\/2018\/01\/Foto-Medio.jpg\" \/><\/a><\/div><div class=\"q_masonry_blog_post_text\"><h5 class=\"q_masonry_blog_title \"><a href=\"http:\/\/www.colegiokant.com.br\/site\/index.php\/nota-top-desconto-top\/\">NOTA TOP, DESCONTO TOP!<\/a><\/h5><p class=\"q_masonry_blog_excerpt\">Seu filho est\u00e1 no Ensino M\u00e9dio e \u00e9 o tipo de aluno que se destaca? ESSA \u00c9 A HORA DELE! Traga o boletim de 2017 dele para avaliarmos&#8230; ELE PODE RECEBER at\u00e9 50% DE BOLSA PARA 2018! Procure informa\u00e7\u00f5es na sede do IAPI. VAI PERDER......<\/p><div class=\"q_masonry_blog_post_info\"><span class=\"time\">15 janeiro, 2018<\/span> \/ <a class=\"post_comments\" href=\"http:\/\/www.colegiokant.com.br\/site\/index.php\/nota-top-desconto-top\/#respond\">Sem Coment\u00e1rios<\/a><\/div><\/div><\/article><article  class='post-16289 post type-post status-publish format-standard has-post-thumbnail hentry category-comunicados category-eventos '><div class=\"q_masonry_blog_post_image\"><a href=\"http:\/\/www.colegiokant.com.br\/site\/index.php\/medalha-de-bronze\/\" target=\"_self\"><img src=\"http:\/\/www.colegiokant.com.br\/site\/wp-content\/uploads\/2017\/08\/20156152_1387687157994375_4122701676303662861_n.jpg\" \/><\/a><\/div><div class=\"q_masonry_blog_post_text\"><h5 class=\"q_masonry_blog_title \"><a href=\"http:\/\/www.colegiokant.com.br\/site\/index.php\/medalha-de-bronze\/\">Medalha de Bronze<\/a><\/h5><p class=\"q_masonry_blog_excerpt\">&nbsp; Nossa equipe infantil de futsal ganhou a medalha de bronze no FEEPS (Festival Esportivo das Escolas Particulares de Salvador) edi\u00e7\u00e3o 2017. Com as instru\u00e7\u00f5es do professor Andr\u00e9 Lacerda e o apoio do professor Osmar Rios, nossos garotos deram show e se estabeleceram como a......<\/p><div class=\"q_masonry_blog_post_info\"><span class=\"time\">02 agosto, 2017<\/span> \/ <a class=\"post_comments\" href=\"http:\/\/www.colegiokant.com.br\/site\/index.php\/medalha-de-bronze\/#respond\">Sem Coment\u00e1rios<\/a><\/div><\/div><\/article><article  class='post-16281 post type-post status-publish format-standard has-post-thumbnail hentry category-sem-categoria '><div class=\"q_masonry_blog_post_image\"><a href=\"http:\/\/www.colegiokant.com.br\/site\/index.php\/dia-da-vovo-e-do-vovo\/\" target=\"_self\"><img src=\"http:\/\/www.colegiokant.com.br\/site\/wp-content\/uploads\/2017\/08\/IMG-20170726-WA0028.jpg\" \/><\/a><\/div><div class=\"q_masonry_blog_post_text\"><h5 class=\"q_masonry_blog_title \"><a href=\"http:\/\/www.colegiokant.com.br\/site\/index.php\/dia-da-vovo-e-do-vovo\/\">Dia da vov\u00f3 e do vov\u00f4<\/a><\/h5><p class=\"q_masonry_blog_excerpt\">Carinho de v\u00f3 e v\u00f4 \u00e9 sempre dobrado. Numa manh\u00e3 calorosamente cheia de amor, os vov\u00f4s e vov\u00f3s da Educa\u00e7\u00e3o Infantil foram recebidos pelos netinhos com hist\u00f3rias, abra\u00e7os e sorrisos....<\/p><div class=\"q_masonry_blog_post_info\"><span class=\"time\">02 agosto, 2017<\/span> \/ <a class=\"post_comments\" href=\"http:\/\/www.colegiokant.com.br\/site\/index.php\/dia-da-vovo-e-do-vovo\/#respond\">Sem Coment\u00e1rios<\/a><\/div><\/div><\/article><article  class='post-16275 post type-post status-publish format-standard has-post-thumbnail hentry category-sem-categoria '><div class=\"q_masonry_blog_post_image\"><a href=\"http:\/\/www.colegiokant.com.br\/site\/index.php\/ginkant-novamente-foi-um-sucesso\/\" target=\"_self\"><img src=\"http:\/\/www.colegiokant.com.br\/site\/wp-content\/uploads\/2017\/08\/IMG-20170726-WA0036.jpg\" \/><\/a><\/div><div class=\"q_masonry_blog_post_text\"><h5 class=\"q_masonry_blog_title \"><a href=\"http:\/\/www.colegiokant.com.br\/site\/index.php\/ginkant-novamente-foi-um-sucesso\/\">GinKANT novamente foi um sucesso!<\/a><\/h5><p class=\"q_masonry_blog_excerpt\">Todo ano j\u00e1 \u00e9 tradi\u00e7\u00e3o: as turmas do 5\u00ba ao 3\u00ba ano m\u00e9dio das duas unidades se juntam para curtir dois dias de muita din\u00e2mica, alegria, amizade e competi\u00e7\u00e3o saud\u00e1vel na nossa GinKant. Nossos alunos deram um show de criatividade e muitas virtudes tendo a......<\/p><div class=\"q_masonry_blog_post_info\"><span class=\"time\">02 agosto, 2017<\/span> \/ <a class=\"post_comments\" href=\"http:\/\/www.colegiokant.com.br\/site\/index.php\/ginkant-novamente-foi-um-sucesso\/#respond\">Sem Coment\u00e1rios<\/a><\/div><\/div><\/article><\/div>[\/vc_column][\/vc_row][vc_row row_type=&#8221;row&#8221; use_row_as_full_screen_section=&#8221;no&#8221; type=&#8221;full_width&#8221; angled_section=&#8221;no&#8221; text_align=&#8221;left&#8221; background_image_as_pattern=&#8221;without_pattern&#8221; css_animation=&#8221;&#8221;][vc_column][vc_separator type=&#8221;normal&#8221; color=&#8221;#d1e2ed&#8221; up=&#8221;10&#8243; down=&#8221;15&#8243;][vc_column_text css=&#8221;.vc_custom_1445612289232{padding-top: 25px !important;padding-bottom: 10px !important;}&#8221;]<\/p>\n<h3 style=\"text-align: center;\">Fotos e V\u00eddeos<\/h3>\n<p>[\/vc_column_text]<div class='projects_holder_outer v3 portfolio_no_space portfolio_with_hover_text '><div class='projects_holder portfolio_main_holder clearfix v3 hover_text no_space portfolio_full_image '>\n<article class='mix portfolio_category_86 portfolio_category_79 ' style=''><div class='image_holder'><a class='portfolio_link_for_touch' href='http:\/\/www.colegiokant.com.br\/site\/index.php\/galeria\/atividades\/' target='_self'><span class='image'><img width=\"601\" height=\"400\" src=\"http:\/\/www.colegiokant.com.br\/site\/wp-content\/uploads\/2016\/08\/IMG_4387-e1470848458739.jpg\" class=\"attachment-full size-full wp-post-image\" alt=\"\" loading=\"lazy\" srcset=\"http:\/\/www.colegiokant.com.br\/site\/wp-content\/uploads\/2016\/08\/IMG_4387-e1470848458739.jpg 601w, http:\/\/www.colegiokant.com.br\/site\/wp-content\/uploads\/2016\/08\/IMG_4387-e1470848458739-300x200.jpg 300w, http:\/\/www.colegiokant.com.br\/site\/wp-content\/uploads\/2016\/08\/IMG_4387-e1470848458739-600x400.jpg 600w\" sizes=\"(max-width: 601px) 100vw, 601px\" \/><\/span><\/a><span class='text_holder'><span class='text_outer'><span class='text_inner'><div class=\"hover_feature_holder_title\"><div class=\"hover_feature_holder_title_inner\"><h5 class=\"portfolio_title\"><a href=\"http:\/\/www.colegiokant.com.br\/site\/index.php\/galeria\/atividades\/\"  target=\"_self\">Atividades<\/a><\/h5><span class=\"project_category\" >Atividades, Educa\u00e7\u00e3o Infantil<\/span><\/div><\/div><span class='feature_holder'><span class=\"feature_holder_icons\"><a class='preview qbutton small white' href='http:\/\/www.colegiokant.com.br\/site\/index.php\/galeria\/atividades\/' target='_self'>view<\/a><\/span><\/span><\/span><\/span><\/span><\/div><\/article>\n<article class='mix portfolio_category_83 ' style=''><div class='image_holder'><a class='portfolio_link_for_touch' href='http:\/\/www.colegiokant.com.br\/site\/index.php\/galeria\/turno-complementar\/' target='_self'><span class='image'><img width=\"1328\" height=\"884\" src=\"http:\/\/www.colegiokant.com.br\/site\/wp-content\/uploads\/2016\/08\/foto-02-e1470848713723.jpg\" class=\"attachment-full size-full wp-post-image\" alt=\"\" loading=\"lazy\" srcset=\"http:\/\/www.colegiokant.com.br\/site\/wp-content\/uploads\/2016\/08\/foto-02-e1470848713723.jpg 1328w, http:\/\/www.colegiokant.com.br\/site\/wp-content\/uploads\/2016\/08\/foto-02-e1470848713723-300x200.jpg 300w, http:\/\/www.colegiokant.com.br\/site\/wp-content\/uploads\/2016\/08\/foto-02-e1470848713723-768x511.jpg 768w, http:\/\/www.colegiokant.com.br\/site\/wp-content\/uploads\/2016\/08\/foto-02-e1470848713723-1024x682.jpg 1024w, http:\/\/www.colegiokant.com.br\/site\/wp-content\/uploads\/2016\/08\/foto-02-e1470848713723-700x466.jpg 700w\" sizes=\"(max-width: 1328px) 100vw, 1328px\" \/><\/span><\/a><span class='text_holder'><span class='text_outer'><span class='text_inner'><div class=\"hover_feature_holder_title\"><div class=\"hover_feature_holder_title_inner\"><h5 class=\"portfolio_title\"><a href=\"http:\/\/www.colegiokant.com.br\/site\/index.php\/galeria\/turno-complementar\/\"  target=\"_self\">Turno Complementar<\/a><\/h5><span class=\"project_category\" >Turno Complementar<\/span><\/div><\/div><span class='feature_holder'><span class=\"feature_holder_icons\"><a class='preview qbutton small white' href='http:\/\/www.colegiokant.com.br\/site\/index.php\/galeria\/turno-complementar\/' target='_self'>view<\/a><\/span><\/span><\/span><\/span><\/span><\/div><\/article>\n<article class='mix portfolio_category_90 portfolio_category_80 ' style=''><div class='image_holder'><a class='portfolio_link_for_touch' href='http:\/\/www.colegiokant.com.br\/site\/index.php\/galeria\/esportes\/' target='_self'><span class='image'><img width=\"1052\" height=\"700\" src=\"http:\/\/www.colegiokant.com.br\/site\/wp-content\/uploads\/2016\/08\/IMG_4423-e1470849521657.jpg\" class=\"attachment-full size-full wp-post-image\" alt=\"\" loading=\"lazy\" srcset=\"http:\/\/www.colegiokant.com.br\/site\/wp-content\/uploads\/2016\/08\/IMG_4423-e1470849521657.jpg 1052w, http:\/\/www.colegiokant.com.br\/site\/wp-content\/uploads\/2016\/08\/IMG_4423-e1470849521657-300x200.jpg 300w, http:\/\/www.colegiokant.com.br\/site\/wp-content\/uploads\/2016\/08\/IMG_4423-e1470849521657-768x511.jpg 768w, http:\/\/www.colegiokant.com.br\/site\/wp-content\/uploads\/2016\/08\/IMG_4423-e1470849521657-1024x681.jpg 1024w, http:\/\/www.colegiokant.com.br\/site\/wp-content\/uploads\/2016\/08\/IMG_4423-e1470849521657-700x466.jpg 700w\" sizes=\"(max-width: 1052px) 100vw, 1052px\" \/><\/span><\/a><span class='text_holder'><span class='text_outer'><span class='text_inner'><div class=\"hover_feature_holder_title\"><div class=\"hover_feature_holder_title_inner\"><h5 class=\"portfolio_title\"><a href=\"http:\/\/www.colegiokant.com.br\/site\/index.php\/galeria\/esportes\/\"  target=\"_self\">Esportes<\/a><\/h5><span class=\"project_category\" >Atividades, Fundamental I<\/span><\/div><\/div><span class='feature_holder'><span class=\"feature_holder_icons\"><a class='preview qbutton small white' href='http:\/\/www.colegiokant.com.br\/site\/index.php\/galeria\/esportes\/' target='_self'>view<\/a><\/span><\/span><\/span><\/span><\/span><\/div><\/article>\n<div class='filler'><\/div>\n<div class='filler'><\/div>\n<div class='filler'><\/div>\n<\/div><\/div>[\/vc_column][\/vc_row][vc_row row_type=&#8221;row&#8221; use_row_as_full_screen_section=&#8221;no&#8221; type=&#8221;grid&#8221; angled_section=&#8221;no&#8221; text_align=&#8221;left&#8221; background_image_as_pattern=&#8221;without_pattern&#8221; padding_top=&#8221;40&#8243; padding_bottom=&#8221;40&#8243; css_animation=&#8221;&#8221;][vc_column width=&#8221;1\/3&#8243;][vc_single_image image=&#8221;15609&#8243; img_size=&#8221;full&#8221; onclick=&#8221;custom_link&#8221; qode_css_animation=&#8221;&#8221; link=&#8221;http:\/\/www.colegiokant.com.br\/site\/index.php\/quem-somos\/o-q-oferecemos\/&#8221;][vc_separator type=&#8221;transparent&#8221; up=&#8221;24&#8243; down=&#8221;0&#8243;][vc_column_text]<\/p>\n<h5>O que Oferecemos<\/h5>\n<p>[\/vc_column_text][vc_separator type=&#8221;normal&#8221; up=&#8221;5&#8243; down=&#8221;19&#8243;][vc_column_text]Conhe\u00e7a os segmentos de ensino e toda nossa estrutura&#8230;[\/vc_column_text][vc_separator type=&#8221;transparent&#8221; up=&#8221;13&#8243; down=&#8221;0&#8243;]<div class=\"custom_font_holder\" style=\"font-family: Open Sans; font-size: 13px; line-height: 36px; font-style: normal; font-weight: 400; text-decoration: none; letter-spacing: 1px; text-align: left;\"><a href=\"http:\/\/www.colegiokant.com.br\/site\/index.php\/quem-somos\/o-q-oferecemos\/\">SAIBA MAIS<\/a><\/div>[vc_separator type=&#8221;transparent&#8221; up=&#8221;49&#8243; down=&#8221;0&#8243;][\/vc_column][vc_column width=&#8221;1\/3&#8243;][vc_single_image image=&#8221;15614&#8243; img_size=&#8221;full&#8221; onclick=&#8221;custom_link&#8221; qode_css_animation=&#8221;&#8221; link=&#8221;http:\/\/www.colegiokant.com.br\/site\/index.php\/quem-somos\/quem-foi-emmanuel-kant\/&#8221;][vc_separator type=&#8221;transparent&#8221; up=&#8221;24&#8243; down=&#8221;0&#8243;][vc_column_text]<\/p>\n<h5>Quem foi Emmanuel Kant<\/h5>\n<p>[\/vc_column_text][vc_separator type=&#8221;normal&#8221; up=&#8221;5&#8243; down=&#8221;19&#8243;][vc_column_text]Fil\u00f3sofo alem\u00e3o. Nasceu em 22 de abril de 1724 em K\u00f6nigsberg e morreu em 12 de fevereiro de 1804. Kant era filho de um artes\u00e3o humilde, que trabalhava com artigos de couro&#8230;[\/vc_column_text][vc_separator type=&#8221;transparent&#8221; up=&#8221;13&#8243; down=&#8221;0&#8243;]<div class=\"custom_font_holder\" style=\"font-family: Open Sans; font-size: 13px; line-height: 36px; font-style: normal; font-weight: 400; text-decoration: none; letter-spacing: 1px; text-align: left;\"><a href=\"http:\/\/www.colegiokant.com.br\/site\/index.php\/quem-somos\/quem-foi-emmanuel-kant\/\">SAIBA MAIS<\/a><\/div>[vc_separator type=&#8221;transparent&#8221; up=&#8221;49&#8243; down=&#8221;0&#8243;][\/vc_column][vc_column width=&#8221;1\/3&#8243;][vc_single_image image=&#8221;15616&#8243; img_size=&#8221;full&#8221; onclick=&#8221;custom_link&#8221; qode_css_animation=&#8221;&#8221; link=&#8221;http:\/\/www.colegiokant.com.br\/site\/index.php\/criticas-e-sugestoes\/&#8221;][vc_separator type=&#8221;transparent&#8221; up=&#8221;24&#8243; down=&#8221;0&#8243;][vc_column_text]<\/p>\n<h5>Envie sua cr\u00edtica ou sugest\u00e3o<\/h5>\n<p>[\/vc_column_text][vc_separator type=&#8221;normal&#8221; up=&#8221;5&#8243; down=&#8221;19&#8243;][vc_column_text]Nos envie sua cr\u00edtica e sugest\u00e3o para sempre melhorarmos.[\/vc_column_text][vc_separator type=&#8221;transparent&#8221; up=&#8221;13&#8243; down=&#8221;0&#8243;]<div class=\"custom_font_holder\" style=\"font-family: Open Sans; font-size: 13px; line-height: 36px; font-style: normal; font-weight: 400; text-decoration: none; letter-spacing: 1px; text-align: left;\"><a href=\"http:\/\/www.colegiokant.com.br\/site\/index.php\/criticas-e-sugestoes\/\">SAIBA MAIS<\/a><\/div>[vc_separator type=&#8221;transparent&#8221; up=&#8221;49&#8243; down=&#8221;0&#8243;][\/vc_column][\/vc_row]<\/p>\n","protected":false},"excerpt":{"rendered":"<p>[vc_row row_type=&#8221;row&#8221; use_row_as_full_screen_section=&#8221;no&#8221; type=&#8221;grid&#8221; angled_section=&#8221;no&#8221; text_align=&#8221;left&#8221; background_image_as_pattern=&#8221;without_pattern&#8221; css_animation=&#8221;&#8221;][vc_column][vc_row_inner row_type=&#8221;row&#8221; type=&#8221;full_width&#8221; text_align=&#8221;left&#8221; css_animation=&#8221;&#8221;][vc_column_inner][vc_column_text css=&#8221;.vc_custom_1445616505882{padding-top: 25px !important;padding-bottom: 10px !important;}&#8221;] \u00daltimas Not\u00edcias [\/vc_column_text][\/vc_column_inner][\/vc_row_inner][\/vc_column][\/vc_row][vc_row row_type=&#8221;row&#8221; use_row_as_full_screen_section=&#8221;no&#8221; type=&#8221;full_width&#8221; angled_section=&#8221;no&#8221; text_align=&#8221;left&#8221; background_image_as_pattern=&#8221;without_pattern&#8221; css_animation=&#8221;&#8221;][vc_column][vc_separator type=&#8221;normal&#8221; color=&#8221;#d1e2ed&#8221; up=&#8221;10&#8243; down=&#8221;15&#8243;][vc_column_text css=&#8221;.vc_custom_1445612289232{padding-top: 25px !important;padding-bottom: 10px !important;}&#8221;] Fotos e V\u00eddeos [\/vc_column_text][\/vc_column][\/vc_row][vc_row row_type=&#8221;row&#8221; use_row_as_full_screen_section=&#8221;no&#8221; type=&#8221;grid&#8221; angled_section=&#8221;no&#8221; text_align=&#8221;left&#8221;&#8230;<\/p>\n","protected":false},"author":1,"featured_media":0,"parent":0,"menu_order":0,"comment_status":"open","ping_status":"open","template":"full_width.php","meta":[],"_links":{"self":[{"href":"http:\/\/www.colegiokant.com.br\/site\/index.php\/wp-json\/wp\/v2\/pages\/14869"}],"collection":[{"href":"http:\/\/www.colegiokant.com.br\/site\/index.php\/wp-json\/wp\/v2\/pages"}],"about":[{"href":"http:\/\/www.colegiokant.com.br\/site\/index.php\/wp-json\/wp\/v2\/types\/page"}],"author":[{"embeddable":true,"href":"http:\/\/www.colegiokant.com.br\/site\/index.php\/wp-json\/wp\/v2\/users\/1"}],"replies":[{"embeddable":true,"href":"http:\/\/www.colegiokant.com.br\/site\/index.php\/wp-json\/wp\/v2\/comments?post=14869"}],"version-history":[{"count":5,"href":"http:\/\/www.colegiokant.com.br\/site\/index.php\/wp-json\/wp\/v2\/pages\/14869\/revisions"}],"predecessor-version":[{"id":16246,"href":"http:\/\/www.colegiokant.com.br\/site\/index.php\/wp-json\/wp\/v2\/pages\/14869\/revisions\/16246"}],"wp:attachment":[{"href":"http:\/\/www.colegiokant.com.br\/site\/index.php\/wp-json\/wp\/v2\/media?parent=14869"}],"curies":[{"name":"wp","href":"https:\/\/api.w.org\/{rel}","templated":true}]}}