{"id":15535,"date":"2015-10-23T14:21:45","date_gmt":"2015-10-23T14:21:45","guid":{"rendered":"http:\/\/www.colegiokant.com.br\/site\/?page_id=15535"},"modified":"2016-09-29T15:00:31","modified_gmt":"2016-09-29T15:00:31","slug":"quem-somos","status":"publish","type":"page","link":"http:\/\/www.colegiokant.com.br\/site\/index.php\/quem-somos\/","title":{"rendered":"Quem somos"},"content":{"rendered":"<p>Em 1971, os professores Nat\u00e1lio Dantas, Sandra Dantas e Jane Souto fundaram o Centro Educacional Emmanuel Kant no Bairro IAPI e, posteriormente, expandiram suas atividades ao Bairro da Caixa D\u00b4\u00e1gua, contando hoje com estas duas sedes.<\/p>\n<p>O Kant atende alunos da Educa\u00e7\u00e3o Infantil, Ensino Fundamental e M\u00e9dio tendo como objetivo ensinar o educando a pensar, analisar e criticar atrav\u00e9s da apropria\u00e7\u00e3o do conhecimento cient\u00edfico, resolu\u00e7\u00e3o de problemas e produ\u00e7\u00e3o de novos conhecimentos para a plenitude nas suas rela\u00e7\u00f5es pessoais e profissionais.<\/p>\n<p>Todas as atividades s\u00e3o programadas para estimular o aluno, auxiliando o desenvolvimento motor, intelectual e social. Enfim, criar condi\u00e7\u00f5es para que o educando seja agente de seu pr\u00f3prio desenvolvimento, possibilitando:<\/p>\n<ul>\n<li>A descoberta de si mesmo;<\/li>\n<li>Seu posicionamento cr\u00edtico e respons\u00e1vel em sua comunidade e na hist\u00f3ria;<\/li>\n<li>Uma viv\u00eancia de valores \u00e9ticos e crist\u00e3os que favore\u00e7am a supremacia do SER sobre o TER;<\/li>\n<li>Uma conviv\u00eancia fraterna inspirada nos princ\u00edpios de liberdade e solidariedade humana;<\/li>\n<li>A aquisi\u00e7\u00e3o e reelabora\u00e7\u00e3o do conhecimento e do saber, de forma que seja dinamizado seu potencial de descoberta, de constru\u00e7\u00e3o, de criticidade, de criatividade, de busca constante de crescimento.<\/li>\n<\/ul>\n<p>&nbsp;<\/p>\n","protected":false},"excerpt":{"rendered":"<p>Em 1971, os professores Nat\u00e1lio Dantas, Sandra Dantas e Jane Souto fundaram o Centro Educacional Emmanuel Kant no Bairro IAPI e, posteriormente, expandiram suas atividades ao Bairro da Caixa D\u00b4\u00e1gua, contando hoje com estas duas sedes. O Kant atende alunos da Educa\u00e7\u00e3o Infantil, Ensino Fundamental&#8230;<\/p>\n","protected":false},"author":1,"featured_media":0,"parent":0,"menu_order":0,"comment_status":"closed","ping_status":"closed","template":"","meta":[],"_links":{"self":[{"href":"http:\/\/www.colegiokant.com.br\/site\/index.php\/wp-json\/wp\/v2\/pages\/15535"}],"collection":[{"href":"http:\/\/www.colegiokant.com.br\/site\/index.php\/wp-json\/wp\/v2\/pages"}],"about":[{"href":"http:\/\/www.colegiokant.com.br\/site\/index.php\/wp-json\/wp\/v2\/types\/page"}],"author":[{"embeddable":true,"href":"http:\/\/www.colegiokant.com.br\/site\/index.php\/wp-json\/wp\/v2\/users\/1"}],"replies":[{"embeddable":true,"href":"http:\/\/www.colegiokant.com.br\/site\/index.php\/wp-json\/wp\/v2\/comments?post=15535"}],"version-history":[{"count":3,"href":"http:\/\/www.colegiokant.com.br\/site\/index.php\/wp-json\/wp\/v2\/pages\/15535\/revisions"}],"predecessor-version":[{"id":15972,"href":"http:\/\/www.colegiokant.com.br\/site\/index.php\/wp-json\/wp\/v2\/pages\/15535\/revisions\/15972"}],"wp:attachment":[{"href":"http:\/\/www.colegiokant.com.br\/site\/index.php\/wp-json\/wp\/v2\/media?parent=15535"}],"curies":[{"name":"wp","href":"https:\/\/api.w.org\/{rel}","templated":true}]}}

<p>Em 1971, os professores Natálio Dantas, Sandra Dantas e Jane Souto fundaram o Centro Educacional Emmanuel Kant no Bairro IAPI e, posteriormente, expandiram suas atividades ao Bairro da Caixa D´água, contando hoje com estas duas sedes.</p>
<p>O Kant atende alunos da Educação Infantil, Ensino Fundamental e Médio tendo como objetivo ensinar o educando a pensar, analisar e criticar através da apropriação do conhecimento científico, resolução de problemas e produção de novos conhecimentos para a plenitude nas suas relações pessoais e profissionais.</p>
<p>Todas as atividades são programadas para estimular o aluno, auxiliando o desenvolvimento motor, intelectual e social. Enfim, criar condições para que o educando seja agente de seu próprio desenvolvimento, possibilitando:</p>
<ul>
<li>A descoberta de si mesmo;</li>
<li>Seu posicionamento crítico e responsável em sua comunidade e na história;</li>
<li>Uma vivência de valores éticos e cristãos que favoreçam a supremacia do SER sobre o TER;</li>
<li>Uma convivência fraterna inspirada nos princípios de liberdade e solidariedade humana;</li>
<li>A aquisição e reelaboração do conhecimento e do saber, de forma que seja dinamizado seu potencial de descoberta, de construção, de criticidade, de criatividade, de busca constante de crescimento.</li>
</ul>
<p>&nbsp;</p>

<p>Em 1971, os professores Natálio Dantas, Sandra Dantas e Jane Souto fundaram o Centro Educacional Emmanuel Kant no Bairro IAPI e, posteriormente, expandiram suas atividades ao Bairro da Caixa D´água, contando hoje com estas duas sedes. O Kant atende alunos da Educação Infantil, Ensino Fundamental&#8230;</p>
